{"id":1173,"date":"2025-09-11T18:17:41","date_gmt":"2025-09-11T18:17:41","guid":{"rendered":"https:\/\/agenciaweek.com.br\/mgi\/?page_id=1173"},"modified":"2025-09-11T19:48:34","modified_gmt":"2025-09-11T19:48:34","slug":"contato","status":"publish","type":"page","link":"https:\/\/agenciaweek.com.br\/mgi\/contato\/","title":{"rendered":"Contato"},"content":{"rendered":"\t\t<div data-elementor-type=\"wp-page\" data-elementor-id=\"1173\" class=\"elementor elementor-1173\" data-elementor-post-type=\"page\">\n\t\t\t\t<div class=\"elementor-element elementor-element-0df459b e-con-full e-flex e-con e-parent\" data-id=\"0df459b\" data-element_type=\"container\" data-e-type=\"container\">\n\t\t<div data-dce-background-image-url=\"https:\/\/agenciaweek.com.br\/mgi\/wp-content\/uploads\/2025\/09\/img-contato.jpg\" class=\"elementor-element elementor-element-a2b4e10 e-con-full e-flex e-con e-child\" data-id=\"a2b4e10\" data-element_type=\"container\" data-e-type=\"container\" data-settings=\"{&quot;background_background&quot;:&quot;classic&quot;}\">\n\t\t\t\t<\/div>\n\t\t<div class=\"elementor-element elementor-element-5030023 e-con-full e-flex e-con e-child\" data-id=\"5030023\" data-element_type=\"container\" data-e-type=\"container\">\n\t\t\t\t<div class=\"elementor-element elementor-element-943e742 elementor-widget elementor-widget-text-editor\" data-id=\"943e742\" data-element_type=\"widget\" data-e-type=\"widget\" data-widget_type=\"text-editor.default\">\n\t\t\t\t\t\t\t\t\t<p>FALE NA MGI<\/p>\t\t\t\t\t\t\t\t<\/div>\n\t\t\t\t<div class=\"elementor-element elementor-element-fe193e3 elementor-widget elementor-widget-heading\" data-id=\"fe193e3\" data-element_type=\"widget\" data-e-type=\"widget\" data-widget_type=\"heading.default\">\n\t\t\t\t\t<h2 class=\"elementor-heading-title elementor-size-default\">Use um de nossos canais\npara entrar em contato<\/h2>\t\t\t\t<\/div>\n\t\t<div class=\"elementor-element elementor-element-c59fd31 e-con-full e-flex e-con e-child\" data-id=\"c59fd31\" data-element_type=\"container\" data-e-type=\"container\">\n\t\t\t\t<div class=\"elementor-element elementor-element-d335b4d elementor-widget elementor-widget-text-editor\" data-id=\"d335b4d\" data-element_type=\"widget\" data-e-type=\"widget\" data-widget_type=\"text-editor.default\">\n\t\t\t\t\t\t\t\t\t<p>Nosso n\u00famero de WhatsApp<\/p>\t\t\t\t\t\t\t\t<\/div>\n\t\t\t\t<div class=\"elementor-element elementor-element-7fa093c elementor-widget elementor-widget-heading\" data-id=\"7fa093c\" data-element_type=\"widget\" data-e-type=\"widget\" data-widget_type=\"heading.default\">\n\t\t\t\t\t<h2 class=\"elementor-heading-title elementor-size-default\">(62) 99604-0365<\/h2>\t\t\t\t<\/div>\n\t\t\t\t<div data-dce-background-color=\"#25D366\" class=\"elementor-element elementor-element-3f16408 elementor-align-left elementor-widget elementor-widget-button\" data-id=\"3f16408\" data-element_type=\"widget\" data-e-type=\"widget\" data-widget_type=\"button.default\">\n\t\t\t\t\t\t\t\t\t\t<a class=\"elementor-button elementor-button-link elementor-size-sm\" href=\"#\">\n\t\t\t\t\t\t<span class=\"elementor-button-content-wrapper\">\n\t\t\t\t\t\t<span class=\"elementor-button-icon\">\n\t\t\t\t<svg aria-hidden=\"true\" class=\"e-font-icon-svg e-fab-whatsapp\" viewBox=\"0 0 448 512\" xmlns=\"http:\/\/www.w3.org\/2000\/svg\"><path d=\"M380.9 97.1C339 55.1 283.2 32 223.9 32c-122.4 0-222 99.6-222 222 0 39.1 10.2 77.3 29.6 111L0 480l117.7-30.9c32.4 17.7 68.9 27 106.1 27h.1c122.3 0 224.1-99.6 224.1-222 0-59.3-25.2-115-67.1-157zm-157 341.6c-33.2 0-65.7-8.9-94-25.7l-6.7-4-69.8 18.3L72 359.2l-4.4-7c-18.5-29.4-28.2-63.3-28.2-98.2 0-101.7 82.8-184.5 184.6-184.5 49.3 0 95.6 19.2 130.4 54.1 34.8 34.9 56.2 81.2 56.1 130.5 0 101.8-84.9 184.6-186.6 184.6zm101.2-138.2c-5.5-2.8-32.8-16.2-37.9-18-5.1-1.9-8.8-2.8-12.5 2.8-3.7 5.6-14.3 18-17.6 21.8-3.2 3.7-6.5 4.2-12 1.4-32.6-16.3-54-29.1-75.5-66-5.7-9.8 5.7-9.1 16.3-30.3 1.8-3.7.9-6.9-.5-9.7-1.4-2.8-12.5-30.1-17.1-41.2-4.5-10.8-9.1-9.3-12.5-9.5-3.2-.2-6.9-.2-10.6-.2-3.7 0-9.7 1.4-14.8 6.9-5.1 5.6-19.4 19-19.4 46.3 0 27.3 19.9 53.7 22.6 57.4 2.8 3.7 39.1 59.7 94.8 83.8 35.2 15.2 49 16.5 66.6 13.9 10.7-1.6 32.8-13.4 37.4-26.4 4.6-13 4.6-24.1 3.2-26.4-1.3-2.5-5-3.9-10.5-6.6z\"><\/path><\/svg>\t\t\t<\/span>\n\t\t\t\t\t\t\t\t\t<span class=\"elementor-button-text\">Falar no WhatsApp<\/span>\n\t\t\t\t\t<\/span>\n\t\t\t\t\t<\/a>\n\t\t\t\t\t\t\t\t<\/div>\n\t\t\t\t<\/div>\n\t\t<div class=\"elementor-element elementor-element-6898d2a e-con-full e-flex e-con e-child\" data-id=\"6898d2a\" data-element_type=\"container\" data-e-type=\"container\">\n\t\t\t\t<div class=\"elementor-element elementor-element-31d5de5 elementor-widget elementor-widget-text-editor\" data-id=\"31d5de5\" data-element_type=\"widget\" data-e-type=\"widget\" data-widget_type=\"text-editor.default\">\n\t\t\t\t\t\t\t\t\t<p>Nosso e-mail comercial<\/p>\t\t\t\t\t\t\t\t<\/div>\n\t\t\t\t<div class=\"elementor-element elementor-element-5989180 elementor-widget elementor-widget-heading\" data-id=\"5989180\" data-element_type=\"widget\" data-e-type=\"widget\" data-widget_type=\"heading.default\">\n\t\t\t\t\t<h2 class=\"elementor-heading-title elementor-size-default\">comercial@mgihouse.com.br<\/h2>\t\t\t\t<\/div>\n\t\t\t\t<\/div>\n\t\t<div class=\"elementor-element elementor-element-0bb63d7 e-con-full e-flex e-con e-child\" data-id=\"0bb63d7\" data-element_type=\"container\" data-e-type=\"container\">\n\t\t\t\t<div class=\"elementor-element elementor-element-64ebe75 elementor-widget elementor-widget-text-editor\" data-id=\"64ebe75\" data-element_type=\"widget\" data-e-type=\"widget\" data-widget_type=\"text-editor.default\">\n\t\t\t\t\t\t\t\t\t<p>Nosso e-mail comercial<\/p>\t\t\t\t\t\t\t\t<\/div>\n\t\t\t\t<div class=\"elementor-element elementor-element-6fe2820 elementor-widget elementor-widget-heading\" data-id=\"6fe2820\" data-element_type=\"widget\" data-e-type=\"widget\" data-widget_type=\"heading.default\">\n\t\t\t\t\t<h2 class=\"elementor-heading-title elementor-size-default\">Pra\u00e7a C-220, Qd 528 - Lt 09 - Jardim Am\u00e9rica, Goi\u00e2nia - GO, 74275-250<\/h2>\t\t\t\t<\/div>\n\t\t\t\t<div data-dce-background-color=\"#8D9592\" class=\"elementor-element elementor-element-beac6b4 elementor-align-left elementor-widget elementor-widget-button\" data-id=\"beac6b4\" data-element_type=\"widget\" data-e-type=\"widget\" data-widget_type=\"button.default\">\n\t\t\t\t\t\t\t\t\t\t<a class=\"elementor-button elementor-button-link elementor-size-sm\" href=\"#\">\n\t\t\t\t\t\t<span class=\"elementor-button-content-wrapper\">\n\t\t\t\t\t\t<span class=\"elementor-button-icon\">\n\t\t\t\t<svg aria-hidden=\"true\" class=\"e-font-icon-svg e-fas-map-marker-alt\" viewBox=\"0 0 384 512\" xmlns=\"http:\/\/www.w3.org\/2000\/svg\"><path d=\"M172.268 501.67C26.97 291.031 0 269.413 0 192 0 85.961 85.961 0 192 0s192 85.961 192 192c0 77.413-26.97 99.031-172.268 309.67-9.535 13.774-29.93 13.773-39.464 0zM192 272c44.183 0 80-35.817 80-80s-35.817-80-80-80-80 35.817-80 80 35.817 80 80 80z\"><\/path><\/svg>\t\t\t<\/span>\n\t\t\t\t\t\t\t\t\t<span class=\"elementor-button-text\">Ver rotas no mapa<\/span>\n\t\t\t\t\t<\/span>\n\t\t\t\t\t<\/a>\n\t\t\t\t\t\t\t\t<\/div>\n\t\t\t\t<\/div>\n\t\t\t\t<\/div>\n\t\t\t\t<\/div>\n\t\t<div class=\"elementor-element elementor-element-649e1b0 e-flex e-con-boxed e-con e-parent\" data-id=\"649e1b0\" data-element_type=\"container\" data-e-type=\"container\">\n\t\t\t\t\t<div class=\"e-con-inner\">\n\t\t<div data-dce-background-color=\"#F5F6F9\" class=\"elementor-element elementor-element-1d3a44d e-con-full e-flex e-con e-child\" data-id=\"1d3a44d\" data-element_type=\"container\" data-e-type=\"container\" data-settings=\"{&quot;background_background&quot;:&quot;classic&quot;}\">\n\t\t<div class=\"elementor-element elementor-element-280f1c4 e-con-full e-flex e-con e-child\" data-id=\"280f1c4\" data-element_type=\"container\" data-e-type=\"container\">\n\t\t\t\t<div class=\"elementor-element elementor-element-60ef7d0 elementor-widget elementor-widget-heading\" data-id=\"60ef7d0\" data-element_type=\"widget\" data-e-type=\"widget\" data-widget_type=\"heading.default\">\n\t\t\t\t\t<h2 class=\"elementor-heading-title elementor-size-default\"><span class=\"titulo\">Envie uma<\/span> mensagem pra gente!<\/h2>\t\t\t\t<\/div>\n\t\t\t\t<\/div>\n\t\t<div class=\"elementor-element elementor-element-eadfaa8 e-con-full e-flex e-con e-child\" data-id=\"eadfaa8\" data-element_type=\"container\" data-e-type=\"container\">\n\t\t<div class=\"elementor-element elementor-element-cef312e e-con-full e-flex e-con e-child\" data-id=\"cef312e\" data-element_type=\"container\" data-e-type=\"container\">\n\t\t\t\t<div class=\"elementor-element elementor-element-b7cacec elementor-button-align-stretch elementor-widget elementor-widget-form\" data-id=\"b7cacec\" data-element_type=\"widget\" data-e-type=\"widget\" data-settings=\"{&quot;step_next_label&quot;:&quot;Pr\\u00f3ximo&quot;,&quot;step_previous_label&quot;:&quot;Anterior&quot;,&quot;button_width&quot;:&quot;100&quot;,&quot;dce_confirm_dialog_enabled&quot;:&quot;no&quot;,&quot;step_type&quot;:&quot;number_text&quot;,&quot;step_icon_shape&quot;:&quot;circle&quot;,&quot;label_icon_size&quot;:{&quot;unit&quot;:&quot;px&quot;,&quot;size&quot;:&quot;&quot;,&quot;sizes&quot;:[]},&quot;field_icon_size&quot;:{&quot;unit&quot;:&quot;px&quot;,&quot;size&quot;:&quot;&quot;,&quot;sizes&quot;:[]}}\" data-widget_type=\"form.default\">\n\t\t\t\t<div class=\"elementor-widget-container\">\n\t\t\t\t\t\t\t<form class=\"elementor-form\" method=\"post\" name=\"Novo formul\u00e1rio\">\r\n\t\t\t<input type=\"hidden\" name=\"post_id\" value=\"1173\"\/>\r\n\t\t\t<input type=\"hidden\" name=\"form_id\" value=\"b7cacec\"\/>\r\n\t\t\t<input type=\"hidden\" name=\"referer_title\" value=\"MGI Im\u00f3veis\" \/>\r\n\r\n\t\t\t\r\n\t\t\t<div class=\"elementor-form-fields-wrapper elementor-labels-\">\r\n\t\t\t\t\t\t\t\t<div class=\"elementor-field-type-text elementor-field-group elementor-column elementor-field-group-name elementor-col-50\">\r\n\t\t\t\t\t\t\t\t\t\t\t\t<label for=\"form-field-name\" class=\"elementor-field-label elementor-screen-only\">\r\n\t\t\t\t\t\t\t\tNome\t\t\t\t\t\t\t<\/label>\r\n\t\t\t\t\t\t\t\t\t\t\t\t\t\t<input size=\"1\" type=\"text\" name=\"form_fields[name]\" id=\"form-field-name\" class=\"elementor-field elementor-size-md  elementor-field-textual\" placeholder=\"Nome\">\r\n\t\t\t\t\t\t\t\t\t\t\t<\/div>\r\n\t\t\t\t\t\t\t\t<div class=\"elementor-field-type-email elementor-field-group elementor-column elementor-field-group-email elementor-col-50 elementor-field-required\">\r\n\t\t\t\t\t\t\t\t\t\t\t\t<label for=\"form-field-email\" class=\"elementor-field-label elementor-screen-only\">\r\n\t\t\t\t\t\t\t\tE-mail\t\t\t\t\t\t\t<\/label>\r\n\t\t\t\t\t\t\t\t\t\t\t\t\t\t<input size=\"1\" type=\"email\" name=\"form_fields[email]\" id=\"form-field-email\" class=\"elementor-field elementor-size-md  elementor-field-textual\" placeholder=\"E-mail\" required=\"required\" aria-required=\"true\">\r\n\t\t\t\t\t\t\t\t\t\t\t<\/div>\r\n\t\t\t\t\t\t\t\t<div class=\"elementor-field-type-tel elementor-field-group elementor-column elementor-field-group-email elementor-col-50 elementor-field-required\">\r\n\t\t\t\t\t\t\t\t\t\t\t\t<label for=\"form-field-email\" class=\"elementor-field-label elementor-screen-only\">\r\n\t\t\t\t\t\t\t\tTelefone\t\t\t\t\t\t\t<\/label>\r\n\t\t\t\t\t\t\t\t<input size=\"1\" type=\"tel\" name=\"form_fields[email]\" id=\"form-field-email\" class=\"elementor-field elementor-size-md  elementor-field-textual\" placeholder=\"Telefone\" required=\"required\" aria-required=\"true\" pattern=\"[0-9()#&amp;+*-=.]+\" title=\"Apenas n\u00fameros e caracteres de telefone (#, -, *, etc.) s\u00e3o aceitos.\">\r\n\r\n\t\t\t\t\t\t<\/div>\r\n\t\t\t\t\t\t\t\t<div class=\"elementor-field-type-text elementor-field-group elementor-column elementor-field-group-field_cb1926d elementor-col-50 elementor-field-required\">\r\n\t\t\t\t\t\t\t\t\t\t\t\t<label for=\"form-field-field_cb1926d\" class=\"elementor-field-label elementor-screen-only\">\r\n\t\t\t\t\t\t\t\tAssunto\t\t\t\t\t\t\t<\/label>\r\n\t\t\t\t\t\t\t\t\t\t\t\t\t\t<input size=\"1\" type=\"text\" name=\"form_fields[field_cb1926d]\" id=\"form-field-field_cb1926d\" class=\"elementor-field elementor-size-md  elementor-field-textual\" placeholder=\"Assunto\" required=\"required\" aria-required=\"true\">\r\n\t\t\t\t\t\t\t\t\t\t\t<\/div>\r\n\t\t\t\t\t\t\t\t<div class=\"elementor-field-type-textarea elementor-field-group elementor-column elementor-field-group-field_36412ae elementor-col-100\">\r\n\t\t\t\t\t\t\t\t\t\t\t\t<label for=\"form-field-field_36412ae\" class=\"elementor-field-label elementor-screen-only\">\r\n\t\t\t\t\t\t\t\tMensagem\t\t\t\t\t\t\t<\/label>\r\n\t\t\t\t\t\t<textarea class=\"elementor-field-textual elementor-field  elementor-size-md\" name=\"form_fields[field_36412ae]\" id=\"form-field-field_36412ae\" rows=\"5\" placeholder=\"Escreva sua mensagem\"><\/textarea>\t\t\t\t<\/div>\r\n\t\t\t\t\t\t\t\t<div class=\"elementor-field-group elementor-column elementor-field-type-submit elementor-col-100 e-form__buttons\">\r\n\t\t\t\t\t<button class=\"elementor-button elementor-size-md\" type=\"submit\">\r\n\t\t\t\t\t\t<span class=\"elementor-button-content-wrapper\">\r\n\t\t\t\t\t\t\t\t\t\t\t\t\t\t\t\t\t\t\t\t\t\t<span class=\"elementor-button-text\">Enviar contato<\/span>\r\n\t\t\t\t\t\t\t\t\t\t\t\t\t<\/span>\r\n\t\t\t\t\t<\/button>\r\n\t\t\t\t<\/div>\r\n\t\t\t<\/div>\r\n\t\t<\/form>\r\n\t\t\t\t\t\t<\/div>\n\t\t\t\t<\/div>\n\t\t\t\t<\/div>\n\t\t\t\t<\/div>\n\t\t\t\t<\/div>\n\t\t\t\t\t<\/div>\n\t\t\t\t<\/div>\n\t\t\t\t<\/div>\n\t\t","protected":false},"excerpt":{"rendered":"<p>FALE NA MGI Use um de nossos canais para entrar em contato Nosso n\u00famero de WhatsApp (62) 99604-0365 Falar no WhatsApp Nosso e-mail comercial comercial@mgihouse.com.br Nosso e-mail comercial Pra\u00e7a C-220, Qd 528 &#8211; Lt 09 &#8211; Jardim Am\u00e9rica, Goi\u00e2nia &#8211; GO, 74275-250 Ver rotas no mapa Envie uma mensagem pra gente!<\/p>\n","protected":false},"author":1,"featured_media":0,"parent":0,"menu_order":0,"comment_status":"closed","ping_status":"closed","template":"","meta":{"footnotes":""},"class_list":["post-1173","page","type-page","status-publish","hentry"],"acf":[],"yoast_head":"<!-- This site is optimized with the Yoast SEO plugin v27.2 - https:\/\/yoast.com\/product\/yoast-seo-wordpress\/ -->\n<title>Contato - MGI Im\u00f3veis<\/title>\n<meta name=\"robots\" content=\"index, follow, max-snippet:-1, max-image-preview:large, max-video-preview:-1\" \/>\n<link rel=\"canonical\" href=\"https:\/\/agenciaweek.com.br\/mgi\/contato\/\" \/>\n<meta property=\"og:locale\" content=\"pt_BR\" \/>\n<meta property=\"og:type\" content=\"article\" \/>\n<meta property=\"og:title\" content=\"Contato - MGI Im\u00f3veis\" \/>\n<meta property=\"og:description\" content=\"FALE NA MGI Use um de nossos canais para entrar em contato Nosso n\u00famero de WhatsApp (62) 99604-0365 Falar no WhatsApp Nosso e-mail comercial comercial@mgihouse.com.br Nosso e-mail comercial Pra\u00e7a C-220, Qd 528 &#8211; Lt 09 &#8211; Jardim Am\u00e9rica, Goi\u00e2nia &#8211; GO, 74275-250 Ver rotas no mapa Envie uma mensagem pra gente!\" \/>\n<meta property=\"og:url\" content=\"https:\/\/agenciaweek.com.br\/mgi\/contato\/\" \/>\n<meta property=\"og:site_name\" content=\"MGI Im\u00f3veis\" \/>\n<meta property=\"article:modified_time\" content=\"2025-09-11T19:48:34+00:00\" \/>\n<meta name=\"twitter:card\" content=\"summary_large_image\" \/>\n<meta name=\"twitter:label1\" content=\"Est. tempo de leitura\" \/>\n\t<meta name=\"twitter:data1\" content=\"1 minuto\" \/>\n<script type=\"application\/ld+json\" class=\"yoast-schema-graph\">{\"@context\":\"https:\/\/schema.org\",\"@graph\":[{\"@type\":\"WebPage\",\"@id\":\"https:\/\/agenciaweek.com.br\/mgi\/contato\/\",\"url\":\"https:\/\/agenciaweek.com.br\/mgi\/contato\/\",\"name\":\"Contato - MGI Im\u00f3veis\",\"isPartOf\":{\"@id\":\"https:\/\/agenciaweek.com.br\/mgi\/#website\"},\"datePublished\":\"2025-09-11T18:17:41+00:00\",\"dateModified\":\"2025-09-11T19:48:34+00:00\",\"breadcrumb\":{\"@id\":\"https:\/\/agenciaweek.com.br\/mgi\/contato\/#breadcrumb\"},\"inLanguage\":\"pt-BR\",\"potentialAction\":[{\"@type\":\"ReadAction\",\"target\":[\"https:\/\/agenciaweek.com.br\/mgi\/contato\/\"]}]},{\"@type\":\"BreadcrumbList\",\"@id\":\"https:\/\/agenciaweek.com.br\/mgi\/contato\/#breadcrumb\",\"itemListElement\":[{\"@type\":\"ListItem\",\"position\":1,\"name\":\"MGI\",\"item\":\"https:\/\/agenciaweek.com.br\/mgi\/\"},{\"@type\":\"ListItem\",\"position\":2,\"name\":\"Contato\"}]},{\"@type\":\"WebSite\",\"@id\":\"https:\/\/agenciaweek.com.br\/mgi\/#website\",\"url\":\"https:\/\/agenciaweek.com.br\/mgi\/\",\"name\":\"MGI Im\u00f3veis\",\"description\":\"Venda e Aluguel. Apartamentos, casas, salas comerciais\",\"potentialAction\":[{\"@type\":\"SearchAction\",\"target\":{\"@type\":\"EntryPoint\",\"urlTemplate\":\"https:\/\/agenciaweek.com.br\/mgi\/?s={search_term_string}\"},\"query-input\":{\"@type\":\"PropertyValueSpecification\",\"valueRequired\":true,\"valueName\":\"search_term_string\"}}],\"inLanguage\":\"pt-BR\"}]}<\/script>\n<!-- \/ Yoast SEO plugin. -->","yoast_head_json":{"title":"Contato - MGI Im\u00f3veis","robots":{"index":"index","follow":"follow","max-snippet":"max-snippet:-1","max-image-preview":"max-image-preview:large","max-video-preview":"max-video-preview:-1"},"canonical":"https:\/\/agenciaweek.com.br\/mgi\/contato\/","og_locale":"pt_BR","og_type":"article","og_title":"Contato - MGI Im\u00f3veis","og_description":"FALE NA MGI Use um de nossos canais para entrar em contato Nosso n\u00famero de WhatsApp (62) 99604-0365 Falar no WhatsApp Nosso e-mail comercial comercial@mgihouse.com.br Nosso e-mail comercial Pra\u00e7a C-220, Qd 528 &#8211; Lt 09 &#8211; Jardim Am\u00e9rica, Goi\u00e2nia &#8211; GO, 74275-250 Ver rotas no mapa Envie uma mensagem pra gente!","og_url":"https:\/\/agenciaweek.com.br\/mgi\/contato\/","og_site_name":"MGI Im\u00f3veis","article_modified_time":"2025-09-11T19:48:34+00:00","twitter_card":"summary_large_image","twitter_misc":{"Est. tempo de leitura":"1 minuto"},"schema":{"@context":"https:\/\/schema.org","@graph":[{"@type":"WebPage","@id":"https:\/\/agenciaweek.com.br\/mgi\/contato\/","url":"https:\/\/agenciaweek.com.br\/mgi\/contato\/","name":"Contato - MGI Im\u00f3veis","isPartOf":{"@id":"https:\/\/agenciaweek.com.br\/mgi\/#website"},"datePublished":"2025-09-11T18:17:41+00:00","dateModified":"2025-09-11T19:48:34+00:00","breadcrumb":{"@id":"https:\/\/agenciaweek.com.br\/mgi\/contato\/#breadcrumb"},"inLanguage":"pt-BR","potentialAction":[{"@type":"ReadAction","target":["https:\/\/agenciaweek.com.br\/mgi\/contato\/"]}]},{"@type":"BreadcrumbList","@id":"https:\/\/agenciaweek.com.br\/mgi\/contato\/#breadcrumb","itemListElement":[{"@type":"ListItem","position":1,"name":"MGI","item":"https:\/\/agenciaweek.com.br\/mgi\/"},{"@type":"ListItem","position":2,"name":"Contato"}]},{"@type":"WebSite","@id":"https:\/\/agenciaweek.com.br\/mgi\/#website","url":"https:\/\/agenciaweek.com.br\/mgi\/","name":"MGI Im\u00f3veis","description":"Venda e Aluguel. Apartamentos, casas, salas comerciais","potentialAction":[{"@type":"SearchAction","target":{"@type":"EntryPoint","urlTemplate":"https:\/\/agenciaweek.com.br\/mgi\/?s={search_term_string}"},"query-input":{"@type":"PropertyValueSpecification","valueRequired":true,"valueName":"search_term_string"}}],"inLanguage":"pt-BR"}]}},"_links":{"self":[{"href":"https:\/\/agenciaweek.com.br\/mgi\/wp-json\/wp\/v2\/pages\/1173","targetHints":{"allow":["GET"]}}],"collection":[{"href":"https:\/\/agenciaweek.com.br\/mgi\/wp-json\/wp\/v2\/pages"}],"about":[{"href":"https:\/\/agenciaweek.com.br\/mgi\/wp-json\/wp\/v2\/types\/page"}],"author":[{"embeddable":true,"href":"https:\/\/agenciaweek.com.br\/mgi\/wp-json\/wp\/v2\/users\/1"}],"replies":[{"embeddable":true,"href":"https:\/\/agenciaweek.com.br\/mgi\/wp-json\/wp\/v2\/comments?post=1173"}],"version-history":[{"count":100,"href":"https:\/\/agenciaweek.com.br\/mgi\/wp-json\/wp\/v2\/pages\/1173\/revisions"}],"predecessor-version":[{"id":1330,"href":"https:\/\/agenciaweek.com.br\/mgi\/wp-json\/wp\/v2\/pages\/1173\/revisions\/1330"}],"wp:attachment":[{"href":"https:\/\/agenciaweek.com.br\/mgi\/wp-json\/wp\/v2\/media?parent=1173"}],"curies":[{"name":"wp","href":"https:\/\/api.w.org\/{rel}","templated":true}]}}